 12 - ((-1677 - -1687) + (5 + -3 - (-1 - -86))).
85
Calculate 7 - (-2 + 13) - (-6 + 8 - 9) - 91.
-88
Calculate -101 - (-5 + -2 - -5 - (-19 + -3 - -21)).
-100
What is the value of (7 + -2 - (-54 + 74)) + 12 - 50?
-53
Calculate -4 + -22 - (-3 + 47 - 18).
-52
What is 34 - 76 - (-9 - -23) - 47?
-103
31 - ((-12 - (25 + -76)) + -13)
5
Calculate -8 - (95 + (25 - (17 + 14))) - (-12 - 0).
-85
Evaluate 9 + (12 - (52 - 28 - 33)).
30
17 - (5 + 44) - -52
20
(4 + -5 - -4) + -25 + 22 + -34
-34
Evaluate 3 - (8 - 5) - (-232 + 245).
-13
What is 13 - ((112 - -19) + -12 + 5)?
-111
What is the value of -2 + 115 + (-48 - -46) + (1 - 2) + -8?
102
What is -33 + -14 - (-13 - -25)?
-59
What is the value of -275 + 421 - (48 - 8)?
106
What is the value of 5 + 2 + -45 - -37 - (85 - 0)?
-86
Evaluate (-24 - -62 - 14) + -22 + 0 + 62.
64
Calculate 36 - ((7 - -22) + 7).
0
What is -13 + (-13 - -20) - 18?
-24
Calculate 36 - (-4 - (18 + (-7 - (-12 + 4 + 12)))).
47
What is (-13 + 95 - -20) + (-6 + 0 - -3)?
99
Calculate 20 - (48 - 81 - -37).
16
663 - 709 - (-14 + -10)
-22
Evaluate -2 + (-3 - (42 - ((4 - 21) + 3))).
-61
Evaluate (-80 - 0 - (-62 - -70) - -6) + 67 + -57.
-72
What is the value of 4 - 0 - ((5 - (2 + 2)) + (17 - 69))?
55
-4 + (-12 - 0 - (16 - 69)) - (1 - 11)
47
What is the value of (-5 - (-11 - (37 + -42))) + -122?
-121
Calculate (83 + -201 - -130) + (2 - -30).
44
(11 - 6 - 10) + (-14 - -14) + -1
-6
What is 152 - (20 + 5 + -15 + -4 + 0) - 12?
134
What is the value of 35 + 19 - 27 - (17 - -5)?
5
Calculate (602 - 572) + (-58 - 0) + -22.
-50
Evaluate 19 + -10 - (3 - -15).
-9
What is the value of (140 - 59) + -82 + 12 + -1 + -1?
9
What is the value of -8 + -1 + -3 + -4 + (-30 - (43 - 4))?
-85
What is the value of (-2 - -15) + -27 + (-24 - 28 - -19)?
-47
What is -45 + -54 + (65 - 1)?
-35
What is 4 + -12 + (-14 - 5)?
-27
What is (34 + -17 - -59) + -32?
44
What is -4 + -2 + 5 + -30 - -4?
-27
What is the value of (22 - -1) + 1 - 32 - -19?
11
(7 - (33 - 62 - -15)) + 36
57
Evaluate -17 + 34 + -36 - 22.
-41
Evaluate (72 - (21 + -68)) + -128.
-9
What is the value of -50 - ((29 + -45 - -21) + -19)?
-36
Calculate 53 - (-9 - (1 - (19 + -21) - 8)).
57
What is the value of -23 + 27 - (5 + (0 - -77) - -12)?
-90
Calculate -11 + 6 + (29 - (25 + -9)).
8
-66 + -30 + 74 + -19
-41
What is the value of 10 - (-12 + 7 + 27) - (0 + -1)?
-11
(183 - 142) + (2 - 17)
26
Evaluate -20 + 31 + -6 + -8 + -9 + 4 + -51.
-59
3 - (3 - -26) - -59
33
0 + 8 - -2 - (-170 + 151)
29
What is -70 - (-170 + 121) - -134?
113
37 + -34 + (6 - (6 - -1)) + 42
44
What is the value of -11 - 2 - (-371 + 364) - 32?
-38
What is -102 + 19 + (-22 - (29 + -66))?
-68
Evaluate 12 - (1 - -10) - (-210 + 258).
-47
Calculate 22 + -76 + 97 - -25.
68
Calculate -16 + (3 - 6) + (-2 - -8).
-13
What is the value of 15 - 35 - -29 - (7 - (-70 - 0))?
-68
What is the value of 1 - -3 - ((-13 - -50) + -58 + 13)?
12
Evaluate -26 + 50 - (1 - -21).
2
Evaluate -35 + 0 - (33 - (3 - -37 - (-4 - -18))).
-42
What is the value of 8 - (-37 + -6 - -32)?
19
Evaluate (-14 - (-33 - -19)) + 17.
17
Calculate (20 - ((29 - 16) + 5)) + -81.
-79
What is the value of (6 + 19 + -20 - 11) + (7 + -1 - -1)?
1
Calculate -3 - (-35 - (-21 - -59)).
70
Calculate 91 - ((-107 - -105) + 69).
24
What is 18 + -2 + 2 + (246 - 274)?
-10
What is -4 + (-2 + (5 - 3) - 7) + (547 - 539)?
-3
What is the value of 51 + (149 - 257) - -95?
38
Evaluate 19 + (10 + -2 - (-137 + 167) - -15) + 22.
34
(1 - 11) + -4 - (-28 + 11 + -2)
5
What is the value of 275 + -261 + (-22 - 2) + (-44 - (-3 - 0))?
-51
What is 11 - ((-33 - 5) + 7 + -12) - -15?
69
Calculate 7 - (1 + 2 + -1 + (6 - 18) + 41).
-24
Calculate -46 - ((13 - (24 - 2 - 1)) + 11).
-49
What is -125 + 3 - (-3333 - -3280)?
-69
20 + (-105 - -105 - (-4 - (1 + 1))) + -12
14
What is -17 + 53 - (11 + 13 + -6)?
18
What is 16 + (-12 - (-15 - 3)) + -92?
-70
23 - (80 - 110 - (65 - 0))
118
What is (-94 - (-3 - 22)) + 26 + 26?
-17
What is the value of -19 + -17 + -76 + 123?
11
Calculate -37 + (60 - (-61 - -21)) - -39.
102
Calculate 26 + (-63 - (28 - -9)) + 0 + 7.
-67
(69 - 38 - 51) + -11
-31
What is (3 - -8 - -6) + (-1188 - -1048)?
-123
Evaluate (-35 - 0) + 2 + 391 + -368 + -30 + 0.
-40
Calculate (4 + (-3 - 5) - (13 + -13)) + 10.
6
What is the value of (10 - 2) + -16 + -4 + 9 + -1?
-4
Calculate 3775 + -3743 + (1 - 93).
-60
Calculate 2 + (-1 + 0 - 35 - (-17 + 90 - 70)).
-37
What is -20 + -21 + 18 + (-7 - -28)?
-2
Calculate (44 - -5) + -114 - (-2 + 5 + 11) - 14.
-93
Evaluate 95 + -19 + -42 + -38.
-4
What is the value of -5121 + 5142 - (16 - 0)?
5
What is the value of -3 + -2 - (-294 - -284 - (0 + -2 - 25))?
-22
What is 2 - -3 - (-50 + 20 - -55)?
-20
Calculate -107 + 14 + 17 + (15 - -4).
-57
Calculate -521 + 529 - (-1 + -15).
24
What is the value of 1 - 10 - (-12 + 6 + 9 + (-39 - -25))?
2
What is the value of (25 - (-117 - -124)) + 46 + 1?
65
Evaluate -69 + -56 + 103 - (0 + (-12 - 2)).
-8
Evaluate 29 - 21 - ((0 - 2) + (51 - 5) + 2).
-38
Evaluate -30 - 5 - (-23 + 4 + (22 - -7)).
-45
Calculate -6 - 59 - (9 + (63 - 52 - (17 + -1))).
-69
Calculate (398 - 541) + (18 - -1).
-124
(-22 - -27) + 30 - 2
33
Evaluate 53 + -81 - 5 - (-3 + 2 - -10).
-42
What is the value of -6 - (-55 - ((13 - (2 + -2)) + -56 + 46))?
52
What is -1 + -1 - (78 - -11 - -6 - 12)?
-85
37 - (0 - (-9 - (8 - 45)))
65
Evaluate 16 - (44 + 22) - -71.
21
What is the value of (19 - (-19 + 5 - -28)) + 25?
30
-25 + 23 - 84 - (10 - -10 - (0 + 4))
-102
What is the value of -12 - (-7 - 1) - ((72 - (0 - 6)) + -4)?
-78
109 + -141 + 28 + (0 - 12)
-16
-8 - (43 - ((0 - -18) + 5))
-28
What is -34 + 1 - (8576 + -8581)?
-28
Calculate (-15 - -1) + -4 + 18 + 18 + 12.
30
Calculate 18 - 82 - -25 - -36.
-3
Calculate 3 + 87 + -2358 + 2196.
-72
13 - ((-1 - -3) + 17 + -156 + 134)
16
24 + -32 + -3 + 4 + -56 + 13
-50
Calculate (175 - 0) + -19299 + 19234.
110
What is the value of 3 - 0 - (8 - (40 + -14) - 37)?
58
Evaluate -10 + 22 - (7 - 6 - 14).
25
What is ((0 - 19) + 8 - 32) + -15?
-58
What is the value of -115 + (32 - (-69 - -99))?
-113
Calculate -13 + (-24 - -18) - -2 - -66.
49
-22 + (-24 + 3 + 5 - -33)
-5
Calculate 2210 - 2246 - (0 - (5 - -2)).
-29
Calculate -72 + 4 + (1 - 7 - -14) + 2.
-58
Calculate (-115 - -79) + (2 - -74).
40
Evaluate -24 - (-79 + 1 + -132 + 151 + -37).
72
Evaluate (-490 - -486) + 5 + (-5 - -2) + -4.
-6
What is the value of (49 - (-1 - -2)) + (1 - (11 + -12 + 6))?
44
Evaluate -20 + 1 + (8983 - 9049).
-85
What is 12 + (33 - 16) + -14 + -74 + 6?
-53
Evaluate -14 + 29 + -5 + (9 - (3 - 7)).
23
What is -29 + 38 + 4 + 8?
21
-164 + 189 + -72 + (1 - 26)
-72
What is (76 - (38 + -5)) + -31?
12
-12 + 31 + (70 - 93 - (-132 - 2))
130
What is the value of (11 - -18) + 0 + (-141 - -41)?
-71
0 + -8 - ((-25 - -71) + -24)
-30
-82 - -74 - -66 - 11
47
What is -6 + -52 - (41 - (-105 - -108))?
-96
Calculate (31 - (-23 + 40)) + -3 - (4 - (-75 - 5)).
-73
261 + -249 - (20 + -3) - 67
-72
What is the value of -11 - (-44 - (-17 + 30 - 42))?
4
-90 - (-19 + 2 + -29)
-44
Calculate 22 - (-13 - -25) - (4 + -45 - -1).
50
41 + -9 - (30 + 15)
-13
Calculate -8 + (19 - 21) + (-46 - -15).
-41
54 + (24 + -45 - -3)
36
-3 - (-33 - (-6 - (31 + -9)))
2
What is (41 + -13 - 13 - 53) + -4?
-42
Evaluate (122 - 116) + (-9 - -7) + 0 + -2 + -15.
-13
Evaluate -30 + -33 + (33 - 23) + (-5 - -1).
-57
(-6 - (5 + -3 + -1 - (51 + -39))) + -38
-33
Evaluate 13 + (4 - -1 - -4) + -51 - -18.
-11
Calculate -12 - -5 - (28 + 31 + -61) - 27.
-32
Evaluate -1 + -16 + -40 + 58 - 7 - -12.
6
What is the value of 4289 + -4305 + (2 + 3 - 3 - -19)?
5
What is the value of -86 + (54 - 44 - (2 + -10))?
-68
Calculate 35 - (-22 + 33 + 45).
-21
What is (15 - (25 - (-3 + 15))) + -39 + -29?
-66
Evaluate (-14 + -4 - -14) + -1 + -4 + 2.
-7
(34 - (14 + 0)) + -47 - 3
-30
Calculate 6 - ((12 - (-6 + (7 - (-10 + 4)))) + -61).
62
What is -14 - (3 - -1) - -71?
53
Calculate 9 + -3 + 0 + -14 + (10 - 12) + 11.
1
What is the value of 9 + 13 + (-51 - (-10 + 20))?
-39
Evaluate 81 - (-29 - (-191 + 68)).
-13
Calculate 41 + -15 + -60 + -17 + 162.
111
What is the value of (0 + -9 - 17) + 18 + 44?
36
Calculate 26 - (-16 - (-3 + -2 + -18 + 23)).
42
Evaluate (50 + -17 + -1 - -40) + -17 + -1.
54
Evaluate 85 - ((-7 - 42) + 33 + 28).
73
What is the value of 540 + -548 + (33 - (0 - 1)) + -2 + 4?
28
What is th